0674.
1
Calculate the greatest common divisor of 170838 and 7776.
18
What is the greatest common divisor of 17865063 and 993?
993
Calculate the greatest common factor of 6120 and 31781840.
680
What is the greatest common divisor of 14 and 202682074?
14
What is the greatest common factor of 98102709 and 369?
369
Calculate the greatest common factor of 168 and 585977.
7
Calculate the highest common divisor of 12678856 and 32.
8
What is the highest common factor of 106 and 12235633?
53
Calculate the greatest common divisor of 30875 and 2459000.
125
What is the highest common factor of 288510201 and 74?
37
What is the highest common divisor of 242487 and 342561?
3849
Calculate the greatest common divisor of 81697 and 9317.
77
What is the highest common divisor of 653254 and 26999?
203
What is the greatest common divisor of 14792967 and 189?
63
What is the greatest common divisor of 9792989 and 597?
199
Calculate the highest common factor of 70 and 43003835.
35
What is the highest common divisor of 651501820 and 29?
29
Calculate the greatest common divisor of 64452875 and 15.
5
What is the greatest common divisor of 8632 and 33149038?
2158
What is the highest common factor of 2379 and 275048085?
2379
Calculate the greatest common factor of 3040437 and 17917.
779
What is the highest common factor of 194 and 102719314?
194
What is the greatest common divisor of 1708 and 527155412?
1708
What is the greatest common factor of 3631222 and 30408?
2534
Calculate the highest common divisor of 10295 and 8149522.
2059
Calculate the highest common divisor of 161068388 and 260.
52
What is the greatest common factor of 21029 and 90301?
1237
What is the highest common divisor of 283145034 and 951?
951
Calculate the greatest common factor of 405 and 47268.
9
What is the greatest common divisor of 40277635 and 7940?
1985
Calculate the highest common divisor of 42 and 1090175786.
14
Calculate the greatest common divisor of 2 and 30787369.
1
Calculate the greatest common factor of 21442 and 2407968763.
10721
What is the highest common divisor of 83325 and 4505775?
75
What is the greatest common factor of 9153 and 316974492?
3051
Calculate the highest common factor of 1788 and 120231676.
596
What is the highest common divisor of 3378269664 and 2016?
2016
What is the greatest common divisor of 72709 and 1603?
7
What is the highest common factor of 53493 and 43762137?
4863
Calculate the highest common divisor of 47842242 and 147.
21
What is the greatest common divisor of 17091 and 1447671?
633
Calculate the greatest common factor of 28888 and 32476.
92
Calculate the greatest common factor of 3178495668 and 12.
12
Calculate the highest common factor of 216 and 12342024.
216
Calculate the greatest common factor of 979830 and 1809.
27
Calculate the greatest common divisor of 71302 and 1312619.
77
What is the highest common factor of 10277 and 4779044?
239
Calculate the greatest common factor of 462345 and 10.
5
What is the highest common factor of 1370413 and 310669?
1577
What is the greatest common divisor of 49203634 and 62?
62
What is the highest common divisor of 41170051 and 39?
13
Calculate the highest common factor of 147882 and 295176.
294
Calculate the greatest common divisor of 99889 and 5170998.
2323
Calculate the highest common divisor of 46 and 261743450.
46
What is the greatest common divisor of 300317715 and 6660?
1665
What is the highest common factor of 64 and 29407644?
4
What is the greatest common factor of 120583755 and 5?
5
What is the greatest common divisor of 107074 and 629486?
682
Calculate the greatest common factor of 42958161 and 43.
43
What is the highest common factor of 2726 and 770585680?
2726
Calculate the highest common divisor of 8740 and 2519558.
46
What is the highest common factor of 26791025 and 75?
25
Calculate the greatest common factor of 63093728 and 1548.
172
Calculate the highest common divisor of 360 and 13323924.
36
What is the highest common factor of 774018 and 1050?
42
What is the greatest common divisor of 987 and 7611303?
21
What is the greatest common factor of 1484 and 16?
4
What is the highest common divisor of 28129 and 11170882?
1223
What is the highest common factor of 720 and 3916368?
144
What is the highest common divisor of 841197032 and 1079?
1079
What is the highest common divisor of 3931 and 43146656?
3931
What is the greatest common factor of 300 and 2226675?
75
Calculate the greatest common factor of 19879998 and 6128.
766
What is the highest common divisor of 8 and 16944244?
4
Calculate the greatest common divisor of 4203915690 and 130.
130
What is the greatest common divisor of 151 and 517944043?
151
What is the highest common divisor of 3685472 and 336?
112
Calculate the highest common factor of 1862276 and 88972.
3068
Calculate the highest common factor of 90 and 3113052.
6
What is the greatest common factor of 38411 and 18176?
71
What is the greatest common divisor of 80213 and 6340101?
1637
Calculate the greatest common factor of 97295 and 757620.
305
What is the greatest common divisor of 14 and 894964280?
14
Calculate the greatest common factor of 26869066 and 98.
14
Calculate the highest common factor of 390 and 12709775.
65
Calculate the highest common factor of 25812 and 22588607.
239
What is the greatest common divisor of 30 and 702775470?
30
Calculate the greatest common divisor of 47376 and 3145522.
94
Calculate the greatest common divisor of 208494 and 66924.
2574
Calculate the highest common divisor of 102 and 7126213.
17
What is the greatest common divisor of 969 and 83641071?
51
What is the highest common factor of 3982453 and 82?
41
What is the greatest common divisor of 939301 and 68816?
187
Calculate the highest common divisor of 12877188 and 36.
12
Calculate the highest common factor of 144594 and 104815692.
4986
What is the greatest common factor of 234 and 9873513?
117
Calculate the greatest common divisor of 718 and 1182161870.
718
Calculate the highest common divisor of 192367 and 2.
1
What is the highest common divisor of 1588 and 12366?
2
Calculate the highest common divisor of 3960 and 31226360.
440
Calculate the greatest common factor of 51 and 59706771.
51
Calculate the highest common factor of 36240 and 9735.
15
What is the highest common divisor of 7716 and 5034?
6
Calculate the highest common factor of 8624 and 2575489.
49
What is the greatest common divisor of 634058471 and 142?
71
Calculate the greatest common divisor of 29651301 and 6624.
207
Calculate the greatest common factor of 28634928 and 8.
8
Calculate the greatest common divisor of 104324 and 1111.
11
Calculate the greatest common divisor of 3807 and 93718.
47
Calculate the greatest common divisor of 165882464 and 1870.
374
Calculate the highest common divisor of 298 and 28461086.
298
What is the greatest common divisor of 109435201 and 15363?
569
Calculate the highest common divisor of 24 and 223686132.
12
What is the greatest common factor of 7253048 and 264?
88
What is the highest common divisor of 45966681 and 18?
9
What is the greatest common divisor of 13641106 and 442?
34
Calculate the highest common factor of 50163680 and 8.
8
Calculate the greatest common factor of 7612 and 1401488.
44
Calculate the highest common divisor of 660269 and 3914060.
1829
Calculate the greatest common divisor of 193 and 14165428.
193
Calculate the greatest common factor of 47448598 and 85.
17
What is the highest common divisor of 226521524 and 284?
284
Calculate the greatest common divisor of 144683942 and 1183.
169
What is the greatest common divisor of 88 and 49084832?
8
What is the greatest common factor of 396814476 and 36?
12
What is the greatest common divisor of 62335 and 7735?
455
What is the highest common divisor of 14350 and 710038?
574
Calculate the highest common divisor of 312788 and 65380.
28
What is the highest common divisor of 480 and 184335?
15
What is the highest common divisor of 77 and 350687?
1
What is the highest common factor of 575 and 719892065?
115
What is the highest common divisor of 588 and 31610292?
588
What is the highest common divisor of 113377 and 4181831?
937
Calculate the greatest common divisor of 10658150 and 2125.
425
Calculate the greatest common divisor of 2510 and 40000.
10
What 